ime factors of j.
13
Let l = -902 - -1984. What are the prime factors of l?
2, 541
Let j = 72 + -25. Suppose -2*u = -3*u + j. Suppose -2*l = -3*l + u. List the prime factors of l.
47
Let k be ((-12)/(-30))/((-4)/(-10)). Let c be (-8 + k)*(-60)/(-14). Let z = 70 + c. What are the prime factors of z?
2, 5
Let m be (-15 - 1)*7/(-1). Let f = m - 61. List the prime factors of f.
3, 17
Let m be 2*((-3)/6 - -2). Suppose -6*v + 3 = -m*v. What are the prime factors of (v/3)/(15/135)?
3
Let s = -80 + 150. List the prime factors of 56/s + 221/5.
3, 5
Suppose -12*v + 8*v + 12 = 0. Let x be 126 + 0/(-2) + v. Suppose 4*s + 3*q = x, -2*q - 12 = -6*q. List the prime factors of s.
2, 3, 5
Let j be 9/(-2)*(-4)/6. Let m(n) = -n**2 + 2*n + 4. Let g be m(j). Let a = g - -12. What are the prime factors of a?
13
Suppose -13*n + 8213 = 361. What are the prime factors of n?
2, 151
Suppose b - 4*t = 18, 3*b + 4*t + 6 = t. Let g be (-1 - 0)*(b - 19). What are the prime factors of 31 + -1 - (g + -14)?
3
Suppose 0 = -5*l + 9468 - 2573. List the prime factors of l.
7, 197
Let z = -75 + 73. What are the prime factors of (-6475)/(-42) + z/12?
2, 7, 11
Let v be (-3)/(-3)*-4 + 3. Let o be v/(-3 + (-33)/(-12)). Suppose o*t - 18 - 30 = 0. What are the prime factors of t?
2, 3
Let k = -19 - -48. Let o = 72 - k. List the prime factors of o.
43
Let g(r) = -r + 8. Let s be g(-8). Let p = 22 - s. What are the prime factors of 279/27 - (-4)/p?
11
Let v(o) be the second derivative of 2*o**3/3 - 10*o**2 - 5*o. Let n be v(6). Suppose -3*u + 122 = -n*r, -3*u - 5*r = 21 - 98. What are the prime factors of u?
2, 17
Let f be (-2)/19 + 92360/190. List the prime factors of f/8*(-48)/(-18).
2, 3
What are the prime factors of (42/(-7) - 0)*1906/(-4)?
3, 953
Let t(w) = w**3 - 4*w**2 - 4*w - 10. Let i be t(5). List the prime factors of (-835)/i + -1 + 0.
2, 83
Let h be -132*9/(-24)*2. Suppose 0 = n - 4*n - h. Let j = 64 + n. List the prime factors of j.
31
Let x(r) be the second derivative of r**5/20 - 7*r**4/12 + 5*r**2 - 15*r. Suppose 5*k + 4*y - 39 = 0, -4*k + 3*k + 5 = -2*y. What are the prime factors of x(k)?
2, 5
Let c be (-13)/((-28)/(-8) - 4). Suppose 4*s - 2*o - c = 0, -4*o - 6 = -2*s + 10. Suppose 3*f = s + 6. What are the prime factors of f?
2
Let s be (1*21)/(6/(-4)). Let x be ((-30)/6 + -3)/(22/77). Let o = s - x. What are the prime factors of o?
2, 7
Suppose 72 = 2*z + 2*l - 182, l = -3*z + 385. What are the prime factors of ((-32)/24)/((-1)/z)?
2, 43
Let c(j) = -j + 10. Let b be c(5). Suppose 3 = b*g - 92. List the prime factors of g.
19
Let p(j) = -2*j - 6. Let l be p(-4). Suppose -l*x = 3*d - 6, -x = x. What are the prime factors of 9/d + 5/(-10)?
2
Suppose s - 1835 = -5*w, 9*w = 6*w - 2*s + 1108. List the prime factors of w.
2, 3, 61
Let b(r) = r**3 - 5*r**2 - 6*r + 7. Let i(m) = m**2 - m - 13. Let o be i(-4). List the prime factors of b(o).
3, 7
Suppose 11 - 3 = 2*v. Suppose -v*w = -0*w. Suppose w = 2*o + o - 27. What are the prime factors of o?
3
Let y(b) = 4 + 0*b**2 + 12 - 45*b + b**2 - 44*b + 81*b. Let t(r) = -3*r**3 - 2*r**2 + 3*r + 2. Let v be t(-2). List the prime factors of y(v).
2
Let x(h) = -143*h**3 + 2*h. What are the prime factors of x(-2)?
2, 3, 5, 19
Let h be 5610/35 + ((-48)/21 - -2). Suppose -5*p = 2*d - 0*d - 200, -4*p - 4*d + h = 0. List the prime factors of p.
2, 5
Let k be 2 - 11 - 3 - -1. Let s = k - -17. Suppose -2*n = -4*u - s, 3*n + u = -4*u + 64. What are the prime factors of n?
13
What are the prime factors of (290 - 2) + (-7 + 3 - -8)?
2, 73
Let j be -2*(-17)/4*-2. Let n be 1 - 0 - 36/(-9). Let u = n - j. List the prime factors of u.
2, 11
Let x(j) = j**2 - 2*j - 6. Let r(k) = k**2 - 14*k + 5. Let o be r(13). Let m be 1 - o/(-6)*-3. List the prime factors of x(m).
3
Let i = -5 - -5. Suppose i*d = 2*d - 72. Suppose 3*p + 3*j - d = 0, -2*p + 16 = p - j. List the prime factors of p.
7
Suppose -o + 2*o = 360. Suppose -4*n + f + 370 = 0, 0 = n - 5*n - 4*f + o. Let j = n + -31. List the prime factors of j.
61
Let b(n) = n - 15. Let y be b(19). Suppose 0 = -q - 3*j - 9, -5*q + 4*j = 5*j + 3. Suppose q = -y*g - 4 + 28. List the prime factors of g.
2, 3
Suppose -5 = 3*n + 22. Let s = n + 4. Let y = 0 - s. List the prime factors of y.
5
Suppose 11 + 26 = -3*f - w, 3*f = -2*w - 41. Let v(h) = -h**3 - 7*h**2 + 6. Let t be v(-7). Let c = t - f. What are the prime factors of c?
17
Let h(g) be the third derivative of g**5/30 - 2*g**4/3 + 8*g**3/3 + 16*g**2. What are the prime factors of h(11)?
2, 41
Suppose 0 = -2*x + 3 - 1, g - 4*x - 11 = 0. List the prime factors of 70/g*3 + -3.
11
Let w = -28 - -40. Let y = -2 - -12. Let v = w - y. List the prime factors of v.
2
Let s = 401 - 125. List the prime factors of s.
2, 3, 23
Suppose -5*p + 48 = -2372. List the prime factors of p.
2, 11
Suppose -4*a + 175 + 6764 = 3*t, -a = 4*t - 9239. What are the prime factors of t?
2309
Suppose -5*m = -3*r - 23073, 4*r = 3*m + 2*m - 23069. What are the prime factors of m?
3, 19
Let d(t) = -2*t**2 - 31*t + 6. Let h(u) = -u**2 - 15*u + 3. Let i(x) = 6*d(x) - 13*h(x). Suppose 6*c = 9*c + 42. List the prime factors of i(c).
67
Suppose -5*t = -2*t. Suppose t = -2*h - 3*h + 20. Let q = h + 11. What are the prime factors of q?
3, 5
Let u = 18 + -20. What are the prime factors of (u/(-3))/(2/123)?
41
Let b = -11 - -14. Let z(i) = -2*i + 7. Let l be z(b). What are the prime factors of l*(46 + 3) - 2?
47
Let h(i) be the third derivative of 5*i**4/12 + i**3/3 + i**2. Let d be h(7). Suppose -d = -3*r - r. What are the prime factors of r?
2, 3
Suppose -14 = -2*y + 3*v, 2*y + 2*v - 4*v - 12 = 0. List the prime factors of (-25)/(-4)*y/3*6.
2, 5
Let z be (-11 - -11)/((-4)/(-2)). Let h = 20 - z. Let n = -4 + h. What are the prime factors of n?
2
Let p = -45 - -43. What are the prime factors of (-208)/p + 2 - (3 - 1)?
2, 13
Let d(n) = 5*n**2 + 2*n - 24. Let j be (-11)/((-33)/6)*5/2. List the prime factors of d(j).
3, 37
Let k = -2765 - -4008. List the prime factors of k.
11, 113
Let s(f) = -f**3 + 5*f**2 - 3*f - 3. Let a be s(3). Suppose -4*l = q - a*l - 20, 0 = 2*q - 5*l - 37. What are the prime factors of q?
2, 13
Let i = 71 + -69. What are the prime factors of ((-1503)/(-36))/((-7)/4 + i)?
167
Suppose -4*w + 1053 = -1547. List the prime factors of w.
2, 5, 13
Suppose -3*x = -5*x - 324. Let r = -101 - x. List the prime factors of r.
61
Let t(f) = 11*f**2 + 31*f - 4. List the prime factors of t(-12).
2, 151
Suppose -13*f = -47*f + 8568. List the prime factors of f.
2, 3, 7
Let g(c) = c**2 + c - 4. Let h be g(-3). What are the prime factors of h - 2/((-8)/12)?
5
Let d = 16 + -11. Suppose -d*a + 2*a = -606. List the prime factors of a.
2, 101
Suppose -5*r - 4 + 2 = 3*f, f = 2*r - 19. Let s = f - -56. List the prime factors of s.
47
Suppose s + 2 - 7 = 0. Let o(b) = -3*b - 5 - 4 + b + s. List the prime factors of o(-7).
2, 5
Let j(d) = -14*d + 7. Suppose -2*f + f = 4. List the prime factors of j(f).
3, 7
Suppose -792 = 8*g - 9256. List the prime factors of g.
2, 23
Let p(j) = j**2 - j + 25. Let u(z) be the third derivative of -z**4/24 + z**3/6 - 2*z**2. Let h be u(1). What are the prime factors of p(h)?
5
Let f be (-1 + 2)/((-2)/(-6)). Suppose -f*y + 6 = -y. Suppose -y*g - 1 = -o - 64, 3*o + 21 = g. List the prime factors of g.
3, 7
Let c be 1*10*(-9)/(-6). Suppose -6 = j - 5*p, -24 = 4*j - 3*p - 0*p. Let h = c - j. What are the prime factors of h?
3, 7
List the prime factors of (1 + 1)*(19 + 0).
2, 19
Let l be (-4755)/(-75) - (-4)/(-10). Suppose -3*r + 51 = -0*v - 2*v, -3*r = 2*v - l. List the prime factors of r.
19
Let q = -430 + 2533. List the prime factors of q.
3, 701
Suppose 0 = 3*i + 3*i - 30. Suppose 4*z - a - 244 = 0, i*z - 296 = 3*a - 4*a. What are the prime factors of z?
2, 3, 5
Suppose 512*o - 7030 = 510*o. What are the prime factors of o?
5, 19, 37
Let h = 220 - 202. What are the prime factors of h?
2, 3
Suppose -5*y + 3*b = -0*b + 437, -2*y = 5*b + 150. Let p = 188 + y. List the prime factors of p.
103
Suppose -3*h - 2*h = -150. Suppose h + 50 = x. What are the prime factors of x?
2, 5
Let p be (0 - 1)*(5 - 8). Let c(m) = -m - 3*m**3 - 2*m + m + 1 - 2*m**p. What are the prime factors of c(-2)?
3, 5
Let w(x) = -8*x + 59. Let k be w(7). Suppose -10 = -5*b - 0*b, k*d = -3*b + 846. List th